{"id":3,"date":"2018-06-17T18:40:46","date_gmt":"2018-06-17T18:40:46","guid":{"rendered":"http:\/\/www.koc.de\/?page_id=3"},"modified":"2018-06-21T18:52:22","modified_gmt":"2018-06-21T18:52:22","slug":"privacy-policy","status":"publish","type":"page","link":"https:\/\/www.koc.de\/?page_id=3","title":{"rendered":"Datenschutz"},"content":{"rendered":"<h1><span lang=\"DE\">Datenschutzerkl\u00e4rung nach der DSGVO (Datenschutz-Grundverordnung)<\/span><\/h1>\n<h2><span lang=\"DE\">Geltungsbereich<\/span><\/h2>\n<p><span lang=\"DE\">Diese Datenschutzerkl\u00e4rung soll die Nutzer dieser Website gem\u00e4\u00df Bundesdatenschutzgesetz und Telemediengesetz \u00fcber die Art, den Umfang und den Zweck der Erhebung und Verwendung personenbezogener Daten durch den Websitebetreiber informieren.<\/span><\/p>\n<p><span lang=\"DE\">Der Websitebetreiber nimmt Ihren Datenschutz sehr ernst und behandelt Ihre personenbezogenen Daten vertraulich und entsprechend der gesetzlichen Vorschriften.<\/span><\/p>\n<p><span lang=\"DE\">Bedenken Sie, dass die Daten\u00fcbertragung im Internet grunds\u00e4tzlich mit Sicherheitsl\u00fccken bedacht sein kann. Ein vollumf\u00e4nglicher Schutz vor dem Zugriff durch Fremde ist nicht realisierbar.<\/span><\/p>\n<h2><span lang=\"DE\">Zugriffsdaten<\/span><\/h2>\n<p><span lang=\"DE\">Der Websitebetreiber bzw. Seitenprovider erhebt Daten \u00fcber Zugriffe auf die Seite und speichert diese als \u201eServer-Logfiles\u201c ab. Folgende Daten werden so protokolliert:<\/span><\/p>\n<p><span lang=\"DE\">\u2022 Besuchte Website<\/span><\/p>\n<p><span lang=\"DE\">\u2022 Uhrzeit zum Zeitpunkt des Zugriffes<\/span><\/p>\n<p><span lang=\"DE\">\u2022 Menge der gesendeten Daten in Byte<\/span><\/p>\n<p><span lang=\"DE\">\u2022 Quelle\/Verweis, von welchem Sie auf die Seite gelangten<\/span><\/p>\n<p><span lang=\"DE\">\u2022 Verwendeter Browser<\/span><\/p>\n<p><span lang=\"DE\">\u2022 Verwendetes Betriebssystem<\/span><\/p>\n<p><span lang=\"DE\">\u2022 Verwendete IP-Adresse<\/span><\/p>\n<p><span lang=\"DE\">Die erhobenen Daten dienen lediglich statistischen Auswertungen und zur Verbesserung der Website. Der Websitebetreiber beh\u00e4lt sich allerdings vor, die Server-Logfiles nachtr\u00e4glich zu \u00fcberpr\u00fcfen, sollten konkrete Anhaltspunkte auf eine rechtswidrige Nutzung hinweisen.<\/span><\/p>\n<h2><span lang=\"DE\">Cookies<\/span><\/h2>\n<p><span lang=\"DE\">Diese Website verwendet Cookies. Dabei handelt es sich um kleine Textdateien, welche auf Ihrem Endger\u00e4t gespeichert werden. Ihr Browser greift auf diese Dateien zu. Durch den Einsatz von Cookies erh\u00f6ht sich die Benutzerfreundlichkeit und Sicherheit dieser Website.<\/span><\/p>\n<p><span lang=\"DE\">G\u00e4ngige Browser bieten die Einstellungsoption, Cookies nicht zuzulassen. Hinweis: Es ist nicht gew\u00e4hrleistet, dass Sie auf alle Funktionen dieser Website ohne Einschr\u00e4nkungen zugreifen k\u00f6nnen, wenn Sie entsprechende Einstellungen vornehmen.<\/span><\/p>\n<h2><span lang=\"DE\">Datenschutzbeauftragter<\/span><\/h2>\n<p><span lang=\"DE\">Verantwortlich f\u00fcr den Datenschutz ist der im Impressum genannte Verantwortliche der Webseite.<\/span><\/p>\n<p><span lang=\"DE\">Der Datenschutzbeauftragte verpflichtet sich, sich im m\u00f6glichen Rahmen st\u00e4ndig \u00fcber die Inhalte, Pflichten und Forderungen der DSGVO zu informieren und diese Kenntnisse einmal viertelj\u00e4hrlich in Form einer Schulung an die zust\u00e4ndigen Mitarbeiter weiter zu geben.<\/span><\/p>\n<h2><span lang=\"DE\">Umgang mit personenbezogenen Daten<\/span><\/h2>\n<p><span lang=\"DE\">Kundenspezifische Daten werden von einem Mitarbeiter h\u00e4ndisch in unser betriebsinternes Datensystem \u00fcbertragen, wobei der Zugang zum betriebsinternen Datensystem nur den Mitarbeitern m\u00f6glich ist, die Kenntnisse \u00fcber die DSGVO (Datenschutz-Grundverordnung) besitzen und darauf geschult sind.<\/span><\/p>\n<p><span lang=\"DE\">\u00dcbermittelte Daten und Nachrichten sind nach Name, Vorname, Geburtsdatum, PLZ, Wohnort, Stra\u00dfe, Hausnummer, Telefon, Telefax, E-Mail, Mitteilung an uns, usw., betriebsintern abrufbar, um gezielte Informationen zu erhalten und bei Bedarf den Kunden gezielt zu informieren.<\/span><\/p>\n<p><span lang=\"DE\">Eine Weiterleitung dieser Daten an Dritte erfolgt nicht und ist ausgeschlossen.<\/span><\/p>\n<p><span lang=\"DE\">Sofern sie durch Klick auf einen Link oder Button von unserer Seite auf eine externe Internetseite weiter geleitet werden, k\u00f6nnen wir die Datenschutzerkl\u00e4rung daf\u00fcr nicht geben.<\/span><\/p>\n<p><span lang=\"DE\">Mit \u00dcbermittlung der Daten an uns erkl\u00e4rt sich der \u00dcbermittler mit der betriebsinternen Speicherung und Verarbeitung seiner Daten f\u00fcr die Dauer von 10 Jahren einverstanden.<\/span><\/p>\n<p><span lang=\"DE\">Weiterhin erlaubt uns der \u00dcbermittler, die erhaltenen E-Mailadressen f\u00fcr Newsletter und Kundeninformationen an den \u00dcbermittler zu verwenden.<\/span><\/p>\n<p><span lang=\"DE\">Sollte der \u00dcbermittler der Daten der betriebsinternen Verarbeitung oder der Verwendung f\u00fcr Kundeninformationen oder Newsletter widersprechen, so gen\u00fcgt eine formlose E-Mail an die im Impressum genannte E-Mailadresse mit der Bezeichnung des Widerspruches.<\/span><\/p>\n<p><span lang=\"DE\">Wenn wir von ihnen keine E-Mail mit einem Widerspruch erhalten, erkl\u00e4ren sie sich mit der Verarbeitung ihrer Daten einverstanden.<\/span><\/p>\n<h2><span lang=\"DE\">Umgang mit Kontaktdaten<\/span><\/h2>\n<p><span lang=\"DE\">Nehmen Sie mit dem Websitebetreiber durch die angebotenen Kontaktm\u00f6glichkeiten Verbindung auf, werden Ihre Angaben gespeichert, damit auf diese zur Bearbeitung und Beantwortung Ihrer Anfrage zur\u00fcckgegriffen werden kann. Ohne Ihre Einwilligung werden diese Daten nicht an Dritte weitergegeben.<\/span><\/p>\n<p><span lang=\"DE\">Die Bearbeitung dieser Daten ist im Men\u00fc \u201eUmgang mit personenbezogenen Daten\u201c erl\u00e4utert.<\/span><\/p>\n<h2><span lang=\"DE\">Google Analytics<\/span><\/h2>\n<p><span lang=\"DE\">Sofern diese Webseite Google Analytics benutzt, gelten die nachfolgenden Bedingungen: Diese Website nutzt den Dienst \u201eGoogle Analytics\u201c, welcher von der Google Inc. (1600 Amphitheatre Parkway Mountain View, CA 94043, USA) angeboten wird, zur Analyse der Websitebenutzung durch Nutzer. Der Dienst verwendet \u201eCookies\u201c \u2013 Textdateien, welche auf Ihrem Endger\u00e4t gespeichert werden. Die durch die Cookies gesammelten Informationen werden im Regelfall an einen Google-Server in den USA gesandt und dort gespeichert.<\/span><\/p>\n<p><span lang=\"DE\">Auf dieser Website greift die IP-Anonymisierung. Die IP-Adresse der Nutzer wird innerhalb der Mitgliedsstaaten der EU und des Europ\u00e4ischen Wirtschaftsraum gek\u00fcrzt. Durch diese K\u00fcrzung entf\u00e4llt der Personenbezug Ihrer IP-Adresse. Im Rahmen der Vereinbarung zur Auftragsdatenvereinbarung, welche die Websitebetreiber mit der Google Inc. geschlossen haben, erstellt diese mithilfe der gesammelten Informationen eine Auswertung der Websitenutzung und der Websiteaktivit\u00e4t und erbringt mit der Internetnutzung verbundene Dienstleistungen.<\/span><\/p>\n<p><span lang=\"DE\">Sie haben die M\u00f6glichkeit, die Speicherung des Cookies auf Ihrem Ger\u00e4t zu verhindern, indem Sie in Ihrem Browser entsprechende Einstellungen vornehmen. Es ist nicht gew\u00e4hrleistet, dass Sie auf alle Funktionen dieser Website ohne Einschr\u00e4nkungen zugreifen k\u00f6nnen, wenn Ihr Browser keine Cookies zul\u00e4sst.<\/span><\/p>\n<p><span lang=\"DE\">Weiterhin k\u00f6nnen Sie durch ein Browser-Plugin verhindern, dass die durch Cookies gesammelten Informationen (inklusive Ihrer IP-Adresse) an die Google Inc. gesendet und von der Google Inc. genutzt werden. Folgender Link f\u00fchrt Sie zu dem entsprechenden Plugin: https:\/\/tools.google.com\/dlpage\/gaoptout?hl=de<\/span><\/p>\n<p><span lang=\"DE\">Mit dem Klick auf obigen Link laden Sie ein \u201eOpt-Out-Cookie\u201c herunter. Ihr Browser muss die Speicherung von Cookies also hierzu grunds\u00e4tzlich erlauben. L\u00f6schen Sie Ihre Cookies regelm\u00e4\u00dfig, ist ein erneuter Klick auf den Link bei jedem Besuch dieser Website vonn\u00f6ten.<\/span><\/p>\n<p><span lang=\"DE\">Hier finden Sie weitere Informationen zur Datennutzung durch die Google Inc.: https:\/\/support.google.com\/analytics\/answer\/6004245?hl=de<\/span><\/p>\n<h2><span lang=\"DE\">Nutzung von Social-Media-Plugins<\/span><\/h2>\n<p><span lang=\"DE\">Sofern diese Webseite Facebook Social Plugins, welches von der Facebook Inc. (1 Hacker Way, Menlo Park, California 94025, USA) betrieben wird, enth\u00e4lt, gelten die nachfolgenden Bedingunjgen. Erkennbar sind die Einbindungen an dem Facebook-Logo bzw. an den Begriffen \u201eLike\u201c, \u201eGef\u00e4llt mir\u201c, \u201eTeilen\u201c in den Farben Facebooks (Blau und Wei\u00df). Informationen zu allen Facebook-Plugins finden Sie im folgenden Link: https:\/\/developers.facebook.com\/docs\/plugins\/<\/span><\/p>\n<p><span lang=\"DE\">Das Plugin stellt eine direkte Verbindung zwischen Ihrem Browser und den Facebook-Servern her. Der Websitebetreiber hat keinerlei Einfluss auf die Natur und den Umfang der Daten, welche das Plugin an die Server der Facebook Inc. \u00fcbermittelt. Informationen dazu finden Sie hier: https:\/\/www.facebook.com\/help\/186325668085084<\/span><\/p>\n<p><span lang=\"DE\">Das Plugin informiert die Facebook Inc. dar\u00fcber, dass Sie Nutzer diese Website besucht hat. Es besteht hierbei die M\u00f6glichkeit, dass Ihre IP-Adresse gespeichert wird. Sind Sie w\u00e4hrend des Besuchs auf dieser Website in Ihrem Facebook-Konto eingeloggt, werden die genannten Informationen mit diesem verkn\u00fcpft.<\/span><\/p>\n<p><span lang=\"DE\">Nutzen Sie die Funktionen des Plugins \u2013 etwa indem Sie einen Beitrag teilen oder \u201eliken\u201c \u2013 werden die entsprechenden Informationen ebenfalls an die Facebook Inc. \u00fcbermittelt.<\/span><\/p>\n<p><span lang=\"DE\">M\u00f6chten Sie verhindern, dass die Facebook. Inc. diese Daten mit Ihrem Facebook-Konto verkn\u00fcpft, loggen Sie sich bitte vor dem Besuch dieser Website bei Facebook aus.<\/span><\/p>\n<p><span lang=\"DE\">Weiterhin nutzt diese Website die \u201e+1\u201c-Schaltfl\u00e4che von Google Plus. Betrieben wird diese von der Google Inc. (1600 Amphitheatre Parkway Mountain View, CA 94043, USA). Besuchen Sie eine Seite, welche die \u201e+1\u201c-Schaltfl\u00e4che enth\u00e4lt, entsteht eine direkte Verbindung zwischen Ihrem Browser und den Google-Servern. Der Websitebetreiber hat daher keinerlei Einfluss auf die Natur und den Umfang der Daten, welche das Plugin an die Server der Google Inc. \u00fcbermitteln. Klicken Sie auf den \u201e+1\u201c-Button, w\u00e4hrend Sie in Google + angemeldet sind, teilen Sie die Inhalte der Seite auf Ihrem \u00f6ffentlichen Profil.<\/span><\/p>\n<p><span lang=\"DE\">Personenbezogene Daten werden laut der Google Inc. erst dann erhoben, wenn Sie auf die Schaltfl\u00e4che klicken. Auch bei eingeloggten Google-Nutzern wird unter anderem die IP-Adresse gespeichert. M\u00f6chten Sie verhindern, dass die Google Inc. diese Daten speichert und mit Ihrem Konto verkn\u00fcpft, loggen Sie sich bitte vor dem Besuch dieser Website aus.<\/span><\/p>\n<p><span lang=\"DE\">Informationen zur \u201e+1\u201c-Schaltfl\u00e4che finden Sie hier: https:\/\/developers.google.com\/+\/web\/buttons-policy.<\/span><\/p>\n<h2><span lang=\"DE\">Newsletter-Abonnement<\/span><\/h2>\n<p><span lang=\"DE\">Sofern wir ihnen einen Newsletter anbieten, m\u00f6chten wir Sie \u00fcber aktuelle Geschehnisse und Angebote informieren. M\u00f6chten Sie den Newsletter abonnieren, m\u00fcssen Sie eine valide E-Mail-Adresse angeben.<\/span><\/p>\n<h2><span lang=\"DE\">Rechte des Nutzers: Auskunft, Berichtigung und L\u00f6schung<\/span><\/h2>\n<p><span lang=\"DE\">Sie als Nutzer erhalten auf Antrag Ihrerseits kostenlose Auskunft dar\u00fcber, welche personenbezogenen Daten \u00fcber Sie gespeichert wurden. Sofern Ihr Wunsch nicht mit einer gesetzlichen Pflicht zur Aufbewahrung von Daten (z. B. Vorratsdatenspeicherung) kollidiert, haben Sie ein Anrecht auf Berichtigung falscher Daten und auf die Sperrung oder L\u00f6schung Ihrer personenbezogenen Daten.<\/span><\/p>\n<h2><span lang=\"DE\">Datenmissbrauch<\/span><\/h2>\n<p><span lang=\"DE\">Im Falle des Verdachtes des Datenmissbrauchs steht ihnen das Recht zu, sich beim Datenschutzbeauftragten der Bundesrepublik Deutschland oder einer daf\u00fcr zust\u00e4ndigen Aufsichtsbeh\u00f6rde zu beschweren. Die Ansprechpartner werden Ihnen durch entsprechende Suchen im Suchmaschinen wie beispielsweise https:\/\/www.google.com benannt.<\/span><\/p>\n","protected":false},"excerpt":{"rendered":"<p>Datenschutzerkl\u00e4rung nach der DSGVO (Datenschutz-Grundverordnung) Geltungsbereich Diese Datenschutzerkl\u00e4rung soll die Nutzer dieser Website gem\u00e4\u00df Bundesdatenschutzgesetz und Telemediengesetz \u00fcber die Art, den Umfang und den Zweck der<span class=\"excerpt-hellip\"> [\u2026]<\/span><\/p>\n","protected":false},"author":1,"featured_media":0,"parent":0,"menu_order":0,"comment_status":"closed","ping_status":"closed","template":"","meta":{"_exactmetrics_skip_tracking":false,"_exactmetrics_sitenote_active":false,"_exactmetrics_sitenote_note":"","_exactmetrics_sitenote_category":0},"_links":{"self":[{"href":"https:\/\/www.koc.de\/index.php?rest_route=\/wp\/v2\/pages\/3"}],"collection":[{"href":"https:\/\/www.koc.de\/index.php?rest_route=\/wp\/v2\/pages"}],"about":[{"href":"https:\/\/www.koc.de\/index.php?rest_route=\/wp\/v2\/types\/page"}],"author":[{"embeddable":true,"href":"https:\/\/www.koc.de\/index.php?rest_route=\/wp\/v2\/users\/1"}],"replies":[{"embeddable":true,"href":"https:\/\/www.koc.de\/index.php?rest_route=%2Fwp%2Fv2%2Fcomments&post=3"}],"version-history":[{"count":4,"href":"https:\/\/www.koc.de\/index.php?rest_route=\/wp\/v2\/pages\/3\/revisions"}],"predecessor-version":[{"id":170,"href":"https:\/\/www.koc.de\/index.php?rest_route=\/wp\/v2\/pages\/3\/revisions\/170"}],"wp:attachment":[{"href":"https:\/\/www.koc.de\/index.php?rest_route=%2Fwp%2Fv2%2Fmedia&parent=3"}],"curies":[{"name":"wp","href":"https:\/\/api.w.org\/{rel}","templated":true}]}}